remainder when r(-2) is divided by 126.
123
Suppose -5*k = 3*d - 110, 4*k - d = -k + 110. What is the remainder when (-1)/(7/1) + (6 - (-211)/7) is divided by k?
14
Let w(i) = i**3 + 18*i**2 + 8*i - 39. Suppose 221*d = 218*d - 51. Calculate the remainder when w(d) is divided by 31.
21
Let r be 21/(-9)*-3 - (2 + 0). Suppose u = -2*o + 4*o - 5, -r = -4*o + u. Calculate the remainder when 238 is divided by 3*(o + (-4)/(-4)) + 12.
13
Let d be (-3002)/(-158)*12/(-1 - 1). What is the remainder when (4/(-4))/((d/504)/19) is divided by 43?
41
Let u be (-2)/7 + 272/(-28). Let l(j) = 2*j**2 + 3*j - 11. Let r be l(-3). Calculate the remainder when 28*r/(16/u) is divided by 12.
11
Let n(i) = -8 + 3*i**3 + i - 4*i**3 - 4*i**2 + 3*i**2 - i**2. Calculate the remainder when -2*-1*5/10 + 57 is divided by n(-4).
18
Suppose 0 = u - 4, 7*x - 5*x + 2*u - 84 = 0. What is the remainder when 81 is divided by x?
5
Suppose 9*p - 13*p + 60 = 0. Let f = -317 - -450. What is the remainder when f is divided by p?
13
Let u(j) = -23*j**2 + 266*j + 6 + j**3 - 35 - 288*j. Calculate the remainder when 96 is divided by u(24).
1
Suppose 0 = 2*g + 2*j - 689 - 363, 4*j - 16 = 0. Calculate the remainder when g is divided by 44.
38
Calculate the remainder when (-2 + 30/4)*32 is divided by 13.
7
Let j(l) = 25 + 48 - 414*l + 98 - 10 + 416*l. What is the remainder when j(10) is divided by 47?
40
Suppose 0 = 50*c - 44*c - 468. What is the remainder when c is divided by 36?
6
Suppose 2*w = -5*c + 962, -3*w - 320*c = -323*c - 1443. What is the remainder when w is divided by 27?
22
Let y = -7181 + 7530. Suppose 0*f - 4*f = -156. Calculate the remainder when y is divided by f.
37
Let s = -118282 + 118299. Suppose -2*w = 2*w + 16. Let n = w + 53. What is the remainder when n is divided by s?
15
Let t = 425 - 220. Let c = t + -192. What is the remainder when 88 is divided by c?
10
Let c = 6366 + 3063. Calculate the remainder when c is divided by 36.
33
Suppose 273 = -33*u + 1560. Calculate the remainder when 259 is divided by u.
25
Let u = 19 + 17. Let w be ((-147)/14)/((-2)/12) - 1. Let y = w - u. Calculate the remainder when y is divided by 7.
5
Suppose -x + 14 = 4*a - 3*x, -x + 5 = 0. Suppose -5*t = 5*f - 415, 0 = 2*f - t - 4*t - 159. Let y = f - 78. What is the remainder when a is divided by y?
2
Let u be 48/28 + 12/42. Calculate the remainder when (-5)/u*(-48)/15 is divided by 2.
0
Let k = -2564 - -2586. What is the remainder when k is divided by 16?
6
Let g be ((-18)/(-60)*12)/((-1)/(-5)). Suppose 178 - 502 = -g*q. What is the remainder when 66 is divided by q?
12
Suppose -426*n - 29512 = -433*n. Suppose 23*j - 4409 = n. What is the remainder when j is divided by 29?
27
Suppose 0 = -3*g - 0*g + 3*p - 9, 0 = -3*p + 15. What is the remainder when (1/g)/(-6*(-8)/7584) is divided by 22?
13
Let a = -308 + 300. Let b be 85 + 1 + -2 - 1. Let t = a + b. Calculate the remainder when t is divided by 19.
18
Suppose -121367*w + 80290 = -121353*w. What is the remainder when w is divided by 33?
26
Let v(p) = 15*p**2 + 24*p - 152. Calculate the remainder when v(6) is divided by 45.
37
Calculate the remainder when (26/4 - 2)/(0 - 21/(-700)) is divided by 51.
48
Suppose -139 = -11*u + 158. Suppose u*h - 17*h = 200. Suppose -6*d = -d - 285. Calculate the remainder when d is divided by h.
17
Suppose h - 2*h = -200. Suppose 0*a = -2*a + h. Let q = -120543 + 120560. What is the remainder when a is divided by q?
15
Let l = 17 + -1. Let h(m) = m**2 + 114*m - 472. Let z be h(4). Suppose 12*d - l - 104 = z. Calculate the remainder when 28 is divided by d.
8
Suppose -90*s = -59*s + 82*s - 1582. Calculate the remainder when 1912 is divided by s.
8
Let i = 282 + -256. Suppose 10 = 5*d, 4*v - 2*d - 266 = i. What is the remainder when v is divided by 27?
20
Suppose h - 54 = -2*h. Let n = h + -5. Calculate the remainder when (-14910)/(-1420)*(0 + 2) is divided by n.
8
Let a = -7582 - -7963. Calculate the remainder when 1150 is divided by a.
7
Let k(c) = 5*c**2 + 175*c + 890. What is the remainder when 1831 is divided by k(-5)?
11
Let g(y) = -3*y + 113. Let z be g(5). Suppose -3*m + 71 = -k, 4*m - 2 = 4*k + z. What is the remainder when 84 is divided by m?
15
Suppose 6*x - 126 = 4*x. Suppose -2*p + x = 5. Calculate the remainder when p is divided by -15*1/(-3)*3.
14
Let j(k) = k**3 - 13*k**2 - 37*k + 9. Let d be j(16). Suppose -2*f - 214 = -4*r + 516, -f - d = -r. Calculate the remainder when r is divided by 14.
12
Suppose -580*g + 565*g + 705 = 0. Let v be 6/12*(2 + 2). What is the remainder when 925/10 - 3/v is divided by g?
44
Suppose -5 = -5*p - 0*p. Suppose 7*o - 71 = -p. Calculate the remainder when 28 is divided by o.
8
Let h = 6870 - 6854. What is the remainder when 2621 is divided by h?
13
Suppose -4*b + 0*d + 478 = 2*d, 3*b - 2*d - 341 = 0. Calculate the remainder when 16 is divided by (b - 113) + 0/(-1) + 3.
2
Let x be (-1)/((3/(-7))/(-3)). Let w = x - -31. Suppose -26*q + 2116 = -3*q. What is the remainder when q is divided by w?
20
Let h = 272 - 224. Calculate the remainder when 167 is divided by h.
23
Suppose -4*m + 2*s + 12 = 3*s, 2*m - 6 = -3*s. Suppose -3*y = -m, -2*f + 0*f + 4*y = -6. Let u(l) = 19*l - 18. What is the remainder when u(f) is divided by 16?
13
Let h(n) = n**2 + 38*n + 40. Let a be h(-37). What is the remainder when 703 is divided by 96/((-1)/(-2)*a)?
63
Suppose 34 = 2*v + 32, 0 = -u + 5*v + 829. Calculate the remainder when u is divided by 248.
90
Let j = 175 - 81. Calculate the remainder when j is divided by (-145)/261 + (-663)/(-27).
22
Let u(g) = -g**2 - 6*g - 13. Let t be u(-5). Let n = t + -27. Let y = n - -89. What is the remainder when y is divided by 29?
25
Let l(q) = -297*q - 1583. Calculate the remainder when l(-7) is divided by 34.
20
Let y = 325 + -166. Suppose -4*t - 4*d = 60 + 72, 3*t + 111 = d. What is the remainder when y is divided by (2 - 6)/(2 - (-80)/t)?
15
Suppose -12*q + 22486 - 8854 = 0. What is the remainder when q is divided by 15?
11
Suppose 3*w - 17 = 7. Suppose 245 = w*g - 3*g. Let j(i) = 94*i - 1311. Calculate the remainder when j(16) is divided by g.
46
Suppose -5*o + 500 = 5*w, -3*o - 3*w + 4*w + 296 = 0. Suppose -2*m = 3*l - o - 85, -4*l + 16 = 0. Calculate the remainder when m is divided by 11.
9
Let g = 13424 + -12326. Calculate the remainder when g is divided by 40.
18
Let w be -6*125/(-10)*1. Suppose -107 = -2*h - w. What is the remainder when 159 is divided by h?
15
Let p be (-20)/(-9) + 14/(-63). Suppose p*o = -3*o + 25. Let r = -35 + 38. Calculate the remainder when o is divided by r.
2
Suppose 108 = 1030*c - 1021*c. Suppose 953 = c*f - 1075. What is the remainder when f is divided by 19?
17
Let p = -209 + 216. Calculate the remainder when 334 - p/((-14)/4) is divided by 87.
75
Suppose 0 = 5*g + x + 2*x + 84, 2*x - 76 = 4*g. Let w = g - -29. Suppose -20 = 4*v, 3*m - 2*m = v + 26. What is the remainder when m is divided by w?
10
Suppose -2*m - 3*s = -2681, 16*m + 2*s + 4028 = 19*m. Calculate the remainder when m is divided by 21.
19
Suppose 20*i = 2123 - 1083. Calculate the remainder when i is divided by 180/3*5/(-2 + 17).
12
Suppose -6*b = -4*b + 4, 0 = o - 4*b - 221. Calculate the remainder when o is divided by (-7 + 1)/(4/15*(-5280)/8448).
33
Suppose -5*x - 3*r = 64 - 167, -2*r + 12 = 0. What is the remainder when 4838 is divided by x?
10
Let i(b) = -10*b - 2. Let g(r) = 2*r**3 - 63*r**2 - 28*r + 5. Calculate the remainder when g(32) is divided by i(-3).
21
Let s(c) be the third derivative of -17*c**4/6 - c**3/2 - 21*c**2. Let f be s(-9). Let g = f + -426. What is the remainder when g is divided by 37?
35
Let t(i) be the third derivative of i**4/4 - 19*i**3/2 + 8*i**2. What is the remainder when t(26) is divided by 25?
24
Suppose 5*d - 3*n = -2, -3*d = -4*n + 12 - 2. What is the remainder when 51 is divided by ((-6)/(1*d))/(147/(-392))?
3
Let v(z) = 3*z**3 - 20*z**2 - 36*z + 25. What is the remainder when v(10) is divided by 65?
15
Suppose 3*q - 486 = -0*q. Let o = -17076 + 17118. Calculate the remainder when q is divided by o.
36
Let w(k) be the second derivative of 3/2*k**3 + 15*k - 1/2*k**2 + 0 + 1/6*k**4. Calculate the remainder when w(-6) is divided by 9.
8
Let j(q) be the second derivative of -q**5/20 + 3*q**4 - 35*q**3/6 + 63*q**2/2 +